{"id":294,"date":"2024-05-29T18:04:44","date_gmt":"2024-05-29T18:04:44","guid":{"rendered":"https:\/\/industrialfoto.de\/?page_id=294"},"modified":"2025-06-19T10:18:02","modified_gmt":"2025-06-19T10:18:02","slug":"impressum","status":"publish","type":"page","link":"https:\/\/industrialfoto.de\/?page_id=294","title":{"rendered":"Impressum"},"content":{"rendered":"\r\n<pre class=\"wp-block-preformatted\"><br \/><strong>Impressum<\/strong><br \/>Angaben gem\u00e4\u00df \u00a7 5 TMG<br \/><br \/>Leon Brink<br \/>Hildegardstr. 15<br \/>45130 Essen<br \/><br \/><strong>Kontakt:<\/strong><br \/>Telefon: 0176 22554439<br \/>E-Mail: l.brink@industrialfoto.de<br \/>EU-Streitschlichtung<br \/><br \/>Die Europ\u00e4ische Kommission stellt eine Plattform zur Online-Streitbeilegung (OS) bereit: https:\/\/ec.europa.eu\/consumers\/odr\/.<br \/>Unsere E-Mail-Adresse finden Sie oben im Impressum.<br \/>Verbraucher\u00adstreit\u00adbeilegung\/Universal\u00adschlichtungs\u00adstelle<br \/><br \/>Wir nehmen an einem Streitbeilegungsverfahren vor einer Verbraucherschlichtungsstelle teil. Zust\u00e4ndig ist die Universalschlichtungsstelle des Zentrums f\u00fcr Schlichtung e.V., Stra\u00dfburger Stra\u00dfe 8, 77694 Kehl am Rhein (https:\/\/www.verbraucher-schlichter.de).<br \/><br \/><\/pre>\r\n","protected":false},"excerpt":{"rendered":"<p>ImpressumAngaben gem\u00e4\u00df \u00a7 5 TMGLeon BrinkHildegardstr. 1545130 EssenKontakt:Telefon: 0176 22554439E-Mail: l.brink@industrialfoto.deEU-StreitschlichtungDie Europ\u00e4ische Kommission stellt eine Plattform zur Online-Streitbeilegung (OS) bereit: https:\/\/ec.europa.eu\/consumers\/odr\/.Unsere E-Mail-Adresse finden Sie oben im Impressum.Verbraucher\u00adstreit\u00adbeilegung\/Universal\u00adschlichtungs\u00adstelleWir nehmen an einem Streitbeilegungsverfahren vor einer Verbraucherschlichtungsstelle teil. Zust\u00e4ndig ist die Universalschlichtungsstelle des Zentrums f\u00fcr Schlichtung e.V., Stra\u00dfburger &hellip; <a href=\"https:\/\/industrialfoto.de\/?page_id=294\" class=\"more-link\"><span>Continue reading<span class=\"screen-reader-text\">Impressum<\/span><\/span><\/a><\/p>\n","protected":false},"author":1,"featured_media":0,"parent":0,"menu_order":0,"comment_status":"closed","ping_status":"closed","template":"","meta":{"footnotes":""},"class_list":["post-294","page","type-page","status-publish","hentry"],"_links":{"self":[{"href":"https:\/\/industrialfoto.de\/index.php?rest_route=\/wp\/v2\/pages\/294","targetHints":{"allow":["GET"]}}],"collection":[{"href":"https:\/\/industrialfoto.de\/index.php?rest_route=\/wp\/v2\/pages"}],"about":[{"href":"https:\/\/industrialfoto.de\/index.php?rest_route=\/wp\/v2\/types\/page"}],"author":[{"embeddable":true,"href":"https:\/\/industrialfoto.de\/index.php?rest_route=\/wp\/v2\/users\/1"}],"replies":[{"embeddable":true,"href":"https:\/\/industrialfoto.de\/index.php?rest_route=%2Fwp%2Fv2%2Fcomments&post=294"}],"version-history":[{"count":3,"href":"https:\/\/industrialfoto.de\/index.php?rest_route=\/wp\/v2\/pages\/294\/revisions"}],"predecessor-version":[{"id":610,"href":"https:\/\/industrialfoto.de\/index.php?rest_route=\/wp\/v2\/pages\/294\/revisions\/610"}],"wp:attachment":[{"href":"https:\/\/industrialfoto.de\/index.php?rest_route=%2Fwp%2Fv2%2Fmedia&parent=294"}],"curies":[{"name":"wp","href":"https:\/\/api.w.org\/{rel}","templated":true}]}}